ghest common factor of o and 1.
1
Let d(r) = -r - 2. Let v be d(-13). What is the highest common factor of v and 121?
11
Let s be (-158)/(-10) - (1 + (-12)/10). Calculate the greatest common factor of 8 and s.
8
Let b(v) = v**2 - 1. Let k(i) = 2*i**3 + 3*i**2 + 5. Let f(u) = -3*b(u) + k(u). Let n be f(4). What is the highest common divisor of n and 17?
17
Suppose 63 = 7*d - 4*d. Let v = d + -11. What is the greatest common divisor of 30 and v?
10
Let f be 2047/(-6) - 11/(-66). Let a = 495 + f. Calculate the greatest common divisor of 14 and a.
14
Let b = -62 + 120. Suppose b = 4*a - 30. Suppose 99 = 5*m - 3*j + a, -73 = -5*m + 2*j. What is the highest common divisor of m and 91?
13
Let r = -16 + 22. Suppose 14 = -2*h - f + 1, 0 = -h + 2*f + 6. Let c be h/r*(2 + -20). What is the highest common divisor of c and 3?
3
Let a(f) = f**2 + f. Let j be a(3). What is the greatest common factor of j and 3?
3
Suppose -611 = -10*a + 489. What is the greatest common divisor of 20 and a?
10
Suppose 0 = -4*f + 85 + 107. Suppose -5*z = -z - f. Let i be 1348/14 - 18/63. Calculate the greatest common factor of i and z.
12
Suppose 5*r + 7 + 3 = 0. Let m = r + 5. Calculate the greatest common divisor of 3 and m.
3
Let x = -33 + 49. Let z(c) = -10*c + 6. Let r be z(6). Let n = r - -94. What is the highest common factor of x and n?
8
Suppose 0*k + 3*k + 12 = 0. Let m be (-4 - k)/(-2) + 6. Calculate the highest common factor of m and 6.
6
Suppose 5*k + 113 = 3. Let l be (7/(-2) - -3)*k. What is the greatest common divisor of 88 and l?
11
Suppose 0 = -2*n - n + 5*t - 36, 4*n = 4*t - 40. Let y = -7 - n. Suppose -4*s + y*c + 52 = 4*c, -s = 2*c - 16. What is the greatest common factor of 110 and s?
10
Let b(r) = -3*r**2 - 4*r. Let j be b(5). Let u = -67 - j. Calculate the greatest common divisor of u and 14.
14
Suppose -21 + 1 = 5*m. Let q be (3*5)/(m/(-4)). What is the highest common factor of 10 and q?
5
Suppose -5*k = 154 - 964. Calculate the greatest common divisor of 18 and k.
18
Let o be 42/8 + (-1)/4. Suppose -4*u + 140 = 5*k, -o*k + 1 - 131 = -5*u. Calculate the highest common factor of 6 and u.
6
Suppose 2*l - 7*l = -20. What is the greatest common divisor of l and 32?
4
Let v be (-2)/(-8) - 37/4. Let a be (-96)/v*(-12)/(-8). What is the highest common factor of 4 and a?
4
Let t(i) be the second derivative of 11*i**3/6 + i**2/2 - 4*i. Let v be t(1). Calculate the greatest common divisor of v and 60.
12
Suppose 0 = -y - 3*y + 224. Let z(g) = g**3 - 3*g**2 - 3*g - 4. Let c be z(4). Suppose -4*f + 0*f + 28 = c. Calculate the greatest common factor of y and f.
7
Suppose 0*l - l = -4, -5*l = 3*k - 317. Let u be 1/(-1) + (12 - 2). What is the greatest common factor of u and k?
9
Let h be (-6)/10 + (-65)/(-25). Let l = 34 - 26. Calculate the highest common factor of h and l.
2
Let h(g) = -g**3 - 12*g**2 - 24*g. Let o be h(-10). What is the greatest common factor of 100 and o?
20
Let d = -111 - -351. Suppose k - 196 = -3*w, 4*w - d = -0*w + 4*k. What is the highest common factor of 16 and w?
16
Suppose m = -g, -m - 3*m = -4*g - 32. Let w be -2 + m - (-4 - 0). What is the highest common divisor of 6 and w?
6
Suppose 2*d + 4*z = 30, 5*z - 17 - 16 = -2*d. What is the highest common factor of d and 12?
3
Suppose -3*d + 0*d + t + 100 = 0, d - 60 = -5*t. Calculate the highest common factor of 315 and d.
35
Let z = -31 - -34. What is the highest common divisor of 9 and z?
3
Suppose 4*r = 4*p + 236, -4*r + 24 = -3*p - 213. Calculate the greatest common factor of r and 24.
12
Let r(x) = -4 + 3 + 6*x - 3*x. Let n be r(1). Suppose 3*s + 3*q = 33, -3*q - 12 = -s - 5*q. What is the highest common factor of s and n?
2
Let r be (-4)/(2 - 15/6). Calculate the highest common factor of r and 152.
8
Let w be 2/(-4)*6 + 1. Let x be 18 - (-6 - w)*-1. What is the highest common factor of x and 56?
14
Let h(k) = -42*k - 18. Let r be h(-2). Calculate the highest common divisor of r and 99.
33
Let r(k) = -k**2 + 3*k - 5. Let p be r(4). Let x = p + 5. Let t be x/(-1*2/20). Calculate the highest common factor of t and 8.
8
Let g(d) = 6*d**2 - d + 1. Let y be g(2). What is the highest common factor of 92 and y?
23
Let v be 30/(-105) + (-1334)/(-14). Calculate the greatest common factor of 38 and v.
19
Let t = 12 - 0. Let y be (-124)/(-10) - 6/15. What is the highest common divisor of t and y?
12
Let n(u) = -u**3 + 7*u**2 - 4*u - 8. Let r be (4/5)/(2/15). Let w be n(r). Let f be (-10)/w*(-25 + 3). What is the greatest common divisor of 22 and f?
11
Suppose -149 = -4*h + h - 5*m, -h + 35 = -2*m. Let g be 5*(1 - h/(-5)). What is the highest common divisor of 12 and g?
12
Let t be (-2)/(-10) - 1386/(-45). Suppose t = 5*u - 9. Calculate the highest common divisor of 64 and u.
8
Suppose 4 + 48 = 4*s. Let r(c) = -4*c - 3. Let x be r(3). Let o be ((-312)/x)/(3/15). What is the highest common divisor of o and s?
13
Suppose 2*m - 4 = m, -52 = -2*r - 3*m. What is the greatest common factor of 4 and r?
4
Let x(o) = 6*o - 50. Let f be x(15). What is the highest common factor of 20 and f?
20
Suppose -41 - 50 = -m - 2*f, 4*f = 3*m - 273. What is the greatest common factor of 7 and m?
7
Let v(y) = 39*y - 3. Let l be v(5). Calculate the greatest common factor of 24 and l.
24
Suppose 0 = 4*o + o - 15. Suppose -o*n + 24 = -0*n. What is the highest common factor of 56 and n?
8
Suppose -63*c + 1008 = -56*c. What is the highest common factor of c and 32?
16
Suppose -7*z = -6*z - 7. What is the highest common factor of 77 and z?
7
Suppose -a + 4 = -73. Let v(j) = j**3 + 3*j**2 - 4*j - 1. Let n be v(-3). Calculate the highest common factor of n and a.
11
Let a(u) = 3*u + 19. Let k be a(-4). Let r(w) = -w**2 - 10*w + 3. Let p be r(-5). Calculate the highest common divisor of k and p.
7
Let g be (20 + -14)/(5/(165/2)). Let f = -19 + 30. What is the greatest common factor of f and g?
11
Let j = -35 + 70. Calculate the highest common divisor of 280 and j.
35
Let g be (-16)/(-20)*(-10)/(-4). Let s = -47 + 123. Suppose -6*n + 2*n = 4*q - s, 0 = 2*q + 3*n - 41. Calculate the greatest common factor of q and g.
2
Let z(d) = 9 + 0*d**2 + 4*d + 4*d - d**2 + 4*d**2. Let h be z(-6). Suppose 0 = -3*l + 81 + h. Calculate the highest common divisor of 20 and l.
10
Let i be 8/(-36) - 728/(-36). Calculate the greatest common factor of 20 and i.
20
Suppose 2*j = 9 + 31. Suppose 5*s - 5*a = 85, -a = -0*a - 3. Suppose 0 = -4*w - s, -3*w = -4*f - 0*w + 31. What is the greatest common divisor of j and f?
4
Let l be (-4 - (-52)/8)/((-2)/(-12)). Calculate the greatest common factor of 5 and l.
5
Let m = -144 + 452. Suppose 0 = -2*i + s + 124, 0*i + 2*s = 5*i - m. Let k be (5 + -2 + 3)*2. What is the highest common divisor of i and k?
12
Let o be ((-21)/(-6))/(1/4). Suppose p = j - 0*j, 4*j - 14 = -3*p. Calculate the greatest common divisor of o and p.
2
Let i be (-6)/(-3)*-1 - 34. Let k = i - -196. What is the highest common factor of k and 20?
20
Suppose 2*t + t + 170 = x, 0 = x + 3*t - 146. Let c be 8/12 + x/6. Calculate the greatest common factor of c and 3.
3
Let z be -2*(-11)/(-4)*-2. Calculate the highest common factor of 22 and z.
11
Let x = 3 + 3. Let i(j) = j**2 - j - 4. Let u be i(x). Suppose y + 4*q - 56 = q, -5*q = 15. Calculate the highest common divisor of u and y.
13
Let c(f) = f**2 + f - 8. Let w be c(4). Let o = -83 + 143. Calculate the greatest common factor of o and w.
12
Suppose -45 - 5 = 5*x. Let s be (-14)/x + (-6)/(-10). Suppose -38 = -s*p - 4*a, 0 = -4*p - 5*a + 11 + 53. What is the highest common divisor of 77 and p?
11
Let z = -20 - -43. Calculate the greatest common factor of 23 and z.
23
Suppose 5*o - 8 = 4*h + 6, 0 = 5*h - 20. Let c(q) = q**3 - 5*q**2 - 5*q + 1. Let b be c(o). Let d = 8 - b. What is the greatest common factor of 8 and d?
1
Let k(i) = -2*i**3 - 20*i**2 - 4*i - 4. Let g be k(-10). Calculate the highest common divisor of g and 144.
36
Let y = -302 + 588. What is the greatest common factor of 22 and y?
22
Let l be (5 + 0)*(-44)/(-20). Let x = 21 - l. What is the greatest common divisor of 5 and x?
5
Let l = -15 - -23. Suppose 2*t = 27 - 3. What is the highest common factor of l and t?
4
Let b(o) = 30*o. Let y be b(3). What is the greatest common divisor of 225 and y?
45
Let y be ((-63)/(-28))/(3/40